is the tens digit of q?
7
Suppose 2*a - 11529 = -n, -3*a - 41780 = -5*n + 15800. What is the tens digit of n?
1
Let r be (-16)/(-7) - -1 - (-10)/(-35). Let k be (-18)/(-3) + (3 - 3)/r. Suppose p - 40 = -5*z, -3*z + 2*p - k*p = -41. What is the units digit of z?
7
Suppose -23*z - 28*z + 130258 = 5818. What is the tens digit of z?
4
Let d be (2/2)/(-5 + 6). Suppose -5*h + 68 = 3*s, s = -h + 21 - d. Suppose 0 = -3*o - 5*w + 11, -2*o - 4*w + s = o. What is the units digit of o?
2
Suppose 96*w - 6819 = 95*w - 3*s, 5*s + 20 = 0. What is the tens digit of w?
3
Suppose 20784*c - 20828*c + 538076 = 0. What is the thousands digit of c?
2
Let j = 25805 + 7026. What is the ten thousands digit of j?
3
Suppose 96*u - 91*u - 1810 = 0. What is the units digit of u/(-5)*((-143)/26 - -3)?
1
Let s(z) = 944*z**2 + 14*z + 93. What is the tens digit of s(5)?
6
Suppose -13 = -5*p + 47. What is the hundreds digit of ((-1540)/40)/((-3)/p)?
1
Let g be (-1232)/(-88)*(-2)/8*-2. Suppose 2*q = 3*u + g*q - 2069, -u + 685 = 4*q. What is the units digit of u?
3
Let c = 21860 + -14013. What is the units digit of c?
7
Suppose 0 = -o + 5873 + 27813. What is the units digit of o?
6
Let s be (1/2)/((-17)/(-68)). Suppose s*v - 161 = -5*u, -2*u - v - 3*v + 58 = 0. What is the tens digit of u?
3
Let f(q) = 4*q**2 - 121*q - 135. What is the thousands digit of f(50)?
3
Let x(z) = -z**3 + 74*z**2 + 601*z - 348. What is the tens digit of x(81)?
0
Let f be 1/5 + (-5097)/(-15). Suppose -325 - f = 7*a. Let b = a + 181. What is the tens digit of b?
8
Suppose 8*o + 267 = 155. Let c = 12 - o. What is the tens digit of c?
2
Let j = 8691 + -8674. Suppose -g = 4*l - 2*g - 13, 2*l + 2*g = 4. Suppose -2*z = -x - 134, -204 = -j*z + 14*z + l*x. What is the tens digit of z?
6
Let d be (-2)/21 - (-2384)/336. What is the hundreds digit of -1283*(d + -6 - 2)?
2
Let g = 327 + -296. What is the units digit of (7 - 1)*g/2?
3
Suppose -17*m = -4*m - 52. Let i be (5/(-10))/(2/m) - -3. Suppose t + 5*j - 10 = 0, i*t + 4*j - 11 = 33. What is the tens digit of t?
3
Let i = 12853 + -4413. What is the hundreds digit of i?
4
What is the hundreds digit of (2/(-3))/(5 + -7)*75453?
1
Suppose -6*u + 26 = 14. Let s(w) = w**3 - 2*w**2 + 2*w - 1. Let r be s(u). Suppose r*n - 124 = 11. What is the tens digit of n?
4
Suppose -p + 33 - 5 = 5*n, 3*n - 3*p = 6. Suppose -4*w + 2018 + 1749 = n*l, w + 2 = 0. What is the units digit of l?
5
Suppose 201 = 6*q + 39. Suppose 8*o - 507 = 5*o. Suppose -2*j + o = q. What is the units digit of j?
1
Suppose -4*n + 4*r - 3234 + 9650 = 0, -2*r = -n + 1603. What is the hundreds digit of n?
6
Let s(q) = 2*q**2 + 18*q + 21. Let g be s(-8). Suppose -2*m - g*k + 19 = -277, -454 = -3*m - 5*k. What is the hundreds digit of m?
1
Suppose -4*a - 9834 = -6*a - f, 0 = 8*a - f - 39316. What is the tens digit of a?
1
Let c(f) = -19*f**3 - 6*f**2 - 8*f - 3. What is the tens digit of c(-3)?
8
Suppose 3*u + 589 = 2*f - 2*u, 3*u = -5*f + 1395. Let k = -134 + f. Suppose x = 3*x - k. What is the tens digit of x?
7
Let i = 58 + -58. Suppose i = j - 23 + 13. What is the tens digit of (-18)/(-6) + -11*j/(-2)?
5
Let n(f) = 8*f - 424. Let i be n(56). What is the units digit of -104*(-17)/(102/i)?
6
Let o(t) = t**2 + 97*t + 114. Let x be o(-26). Let f = -168 - x. What is the thousands digit of f?
1
Suppose 0 = 9*y - 253483 + 9601. Suppose -y = -49*q + 15*q. What is the hundreds digit of q?
7
Suppose 6*r - 263 = 1147. Let f = r - 104. Let z = f + -59. What is the units digit of z?
2
Let w(k) = 700*k**2 - 11*k - 59. What is the thousands digit of w(-3)?
6
Suppose 34 = -3*y + 106. Suppose -3*c - 9*c = -y. Suppose 2*x - 11 + 3 = 0, -b + c*x = -224. What is the tens digit of b?
3
Let j(f) = 11*f**2 - 728*f + 95. What is the tens digit of j(69)?
3
Let w be (-2 - -3)*(-3 - -2) - -7. Suppose 2*g = w*g - 288. Suppose g + 1668 = 6*z. What is the tens digit of z?
9
Let y = -278 + -55. Let h = 56 + y. Let o = -132 - h. What is the hundreds digit of o?
1
Suppose -14805 = -5*m - 4*s, 11848 = -100*m + 104*m + 4*s. What is the hundreds digit of m?
9
Let h = 58416 + -38134. What is the tens digit of h?
8
What is the thousands digit of -18764*(954/(-72) - -13)?
4
Let g(x) be the first derivative of 11*x**2/2 + 121*x + 83. What is the hundreds digit of g(8)?
2
What is the ten thousands digit of 7205562/108 + 38/(-12) + -2 + 5?
6
Suppose -4*d + 110*z = 106*z - 16620, -5*z = 5*d - 20795. What is the tens digit of d?
5
Let s(v) = -215*v - 9174. What is the units digit of s(-80)?
6
Let c = 4596 + -3143. Suppose 8*n - c = 6531. What is the tens digit of n?
9
Let h be ((-20)/(-90))/((-3)/9)*-3147. Suppose h = 2*m + u, -3*u = -m - 362 + 1418. What is the hundreds digit of m?
0
Suppose -7*c - 72 = 5*c. What is the hundreds digit of 31*(3 + 13 + c)?
3
Let y = 40 + -111. Let r = 74 + y. Suppose -5*a - 3*z + 50 = -658, -r*a + 444 = -3*z. What is the units digit of a?
4
Suppose -5*l - 6 = -16. Suppose d = 5*a + 73, d + 5*a = -l*d + 199. Suppose 6*v = -d + 932. What is the hundreds digit of v?
1
Let r be (3 + 0)*(-10)/(-6). Suppose 0 = r*v - 1416 - 564. What is the hundreds digit of v?
3
Let n = 94 + -89. Suppose 5*u = 8*u - 5*g - 236, g = 4*u - 309. What is the tens digit of u - (-1 + (6 - n))?
7
Suppose -204769 = -10*p + 306201. What is the thousands digit of p?
1
Let j = -35 - -54. Suppose 286 + 873 = -61*t. Let h = j - t. What is the units digit of h?
8
Suppose p - 4*y = 70112, -38*p + 36*p + 2*y + 140260 = 0. What is the units digit of p?
6
Suppose -114*i = -112*i - 54. Let v = -89 - i. Let c = 377 + v. What is the hundreds digit of c?
2
Let w(o) = 642*o**2 - 27*o - 152. What is the ten thousands digit of w(-6)?
2
Suppose -3*b = 4*w + 2 + 1, -b = 4*w + 1. Suppose -4*f = 5*s + 171, -3*f + 2*s - 32 - 102 = w. Let i = f + 48. What is the units digit of i?
4
Suppose -2*l + 4*l = 2*n, 0 = -l + 5*n - 12. Let k(j) = 10 + j**l + 12 - 2*j**2 + 2*j**3 - 4*j**3. What is the tens digit of k(0)?
2
Let b(g) = -181*g + 62 - 1 + 8*g**2 + 186*g. What is the hundreds digit of b(-9)?
6
Let n be (13 - -2809)*-1*(-25)/1. Suppose 20*g - 70*g = -n. What is the units digit of g?
1
Let z(p) be the third derivative of 197*p**6/120 + p**5/30 - 5*p**4/12 + 19*p**3/6 + 25*p**2 - 2. What is the tens digit of z(2)?
8
Let c(b) = -24*b - 14. Let p(m) = -16*m - 9. Let r(z) = -5*c(z) + 8*p(z). Suppose 21*h = 3*h - 36. What is the tens digit of r(h)?
1
Suppose -32 = -10*a + 8*a. Let y be ((-3)/2)/((-12)/a) + 3. Let t(h) = -h**2 + 14*h + 7. What is the units digit of t(y)?
2
Let z be (-12)/4 + (-18)/(-5 + 2). Let f(v) = 245*v + 86. What is the hundreds digit of f(z)?
8
Suppose -75979 - 285893 = -5*s - 107*s. What is the tens digit of s?
3
Let v be -2*(-771)/15 + (-5)/(-25). Let t = v - 90. Suppose g + l - 13 = 0, t = -0*g + g + 2*l. What is the units digit of g?
3
Let q(r) be the second derivative of 79*r**3/2 + 31*r**2 + 30*r + 1. What is the tens digit of q(2)?
3
Suppose 89 = -9*c + 10*c. Let t = c - 245. Let i = 229 + t. What is the units digit of i?
3
Let x(i) = 680*i + 3 + 649*i - 231*i + 65*i + 5. What is the units digit of x(1)?
1
What is the thousands digit of (5309/5)/((351/(-405))/(-13))?
5
Suppose 11*b + 107 + 619 = 0. What is the hundreds digit of 220/b*(-2)/(20/954)?
3
Let f = 185 + -185. Suppose f*u + 2*u + 1588 = 5*h, 4*u + 314 = h. What is the hundreds digit of h?
3
Suppose -5*a + a + 292 = 0. Suppose -5*m + a = 1023. What is the hundreds digit of 4*(1 + 0) - m?
1
Suppose -35*y + 6*y = -1508. What is the tens digit of (y*1)/(3*(-18)/(-729))?
0
Let c be (-15)/20 + 2483/4. Suppose 5*y - 185 - c = 0. Let r = y - 77. What is the units digit of r?
4
What is the hundreds digit of ((-4)/18)/((-58)/(-8700))*(-909)/6?
0
Suppose 24*m - 15 = 21*m. Suppose 630 = 5*r - 2*y, -17*r - 359 = -20*r + m*y. What is the units digit of r?
8
Let d be 2/(-3) - (-10)/15. Suppose d = -2*h + 4*o + 910, 3*h = -3*o + 1515 - 105. Suppose 41*g = 44*g - h. What is the units digit of g?
5
Suppose 3*r = 2*j - 15, -3*j - j = -r - 15. Suppose u - 2*u = -3, 0 = 4*w - j*u + 25. What is the units digit of ((-121)/(-2))/((-1)/w)?
2
Suppose -4*b + 4*m = 4, -4*b - 2*m + m + 16 = 0. Let j be 1/b - -2 - (-10)/15. Suppose -s - j*s = -276. What is the units digit of s?
9
Let g(u) = -u**2 - u. Let y(d) = -